{"id":17,"date":"2022-01-17T12:13:02","date_gmt":"2022-01-17T11:13:02","guid":{"rendered":"https:\/\/www.juriplus.pro\/?page_id=17"},"modified":"2024-12-10T08:46:18","modified_gmt":"2024-12-10T07:46:18","slug":"aide-et-assistance-a-la-passation-de-vos-marches-publics","status":"publish","type":"page","link":"https:\/\/www.juriplus.pro\/index.php\/aide-et-assistance-a-la-passation-de-vos-marches-publics\/","title":{"rendered":"Aide et assistance \u00e0 la passation de vos march\u00e9s publics"},"content":{"rendered":"\t\t<div data-elementor-type=\"wp-page\" data-elementor-id=\"17\" class=\"elementor elementor-17\" data-elementor-post-type=\"page\">\n\t\t\t\t\t\t<section class=\"elementor-section elementor-top-section elementor-element elementor-element-cb3531c elementor-section-boxed elementor-section-height-default elementor-section-height-default\" data-id=\"cb3531c\" data-element_type=\"section\">\n\t\t\t\t\t\t<div class=\"elementor-container elementor-column-gap-default\">\n\t\t\t\t\t<div class=\"elementor-column elementor-col-50 elementor-top-column elementor-element elementor-element-ea6b442\" data-id=\"ea6b442\" data-element_type=\"column\">\n\t\t\t<div class=\"elementor-widget-wrap elementor-element-populated\">\n\t\t\t\t\t\t<div class=\"elementor-element elementor-element-327076f elementor-widget elementor-widget-image\" data-id=\"327076f\" data-element_type=\"widget\" data-widget_type=\"image.default\">\n\t\t\t\t<div class=\"elementor-widget-container\">\n\t\t\t\t\t\t\t\t\t\t\t\t\t\t\t<img fetchpriority=\"high\" decoding=\"async\" width=\"768\" height=\"1152\" src=\"https:\/\/www.juriplus.pro\/wp-content\/uploads\/2024\/12\/Jennifer-Brive-Juin-2024-06-768x1152.jpeg\" class=\"attachment-medium_large size-medium_large wp-image-624\" alt=\"\" srcset=\"https:\/\/www.juriplus.pro\/wp-content\/uploads\/2024\/12\/Jennifer-Brive-Juin-2024-06-768x1152.jpeg 768w, https:\/\/www.juriplus.pro\/wp-content\/uploads\/2024\/12\/Jennifer-Brive-Juin-2024-06-200x300.jpeg 200w, https:\/\/www.juriplus.pro\/wp-content\/uploads\/2024\/12\/Jennifer-Brive-Juin-2024-06-683x1024.jpeg 683w, https:\/\/www.juriplus.pro\/wp-content\/uploads\/2024\/12\/Jennifer-Brive-Juin-2024-06-1024x1536.jpeg 1024w, https:\/\/www.juriplus.pro\/wp-content\/uploads\/2024\/12\/Jennifer-Brive-Juin-2024-06-1365x2048.jpeg 1365w, https:\/\/www.juriplus.pro\/wp-content\/uploads\/2024\/12\/Jennifer-Brive-Juin-2024-06-scaled.jpeg 1706w\" sizes=\"(max-width: 768px) 100vw, 768px\" \/>\t\t\t\t\t\t\t\t\t\t\t\t\t\t\t<\/div>\n\t\t\t\t<\/div>\n\t\t\t\t\t<\/div>\n\t\t<\/div>\n\t\t\t\t<div class=\"elementor-column elementor-col-50 elementor-top-column elementor-element elementor-element-4759c8c\" data-id=\"4759c8c\" data-element_type=\"column\">\n\t\t\t<div class=\"elementor-widget-wrap elementor-element-populated\">\n\t\t\t\t\t\t<div class=\"elementor-element elementor-element-6a7181a elementor-widget elementor-widget-heading\" data-id=\"6a7181a\" data-element_type=\"widget\" data-widget_type=\"heading.default\">\n\t\t\t\t<div class=\"elementor-widget-container\">\n\t\t\t\t\t<h1 class=\"elementor-heading-title elementor-size-default\">Aide et assistance \u00e0 la passation de vos march\u00e9s publics<\/h1>\t\t\t\t<\/div>\n\t\t\t\t<\/div>\n\t\t\t\t<div class=\"elementor-element elementor-element-6c150be elementor-widget elementor-widget-heading\" data-id=\"6c150be\" data-element_type=\"widget\" data-widget_type=\"heading.default\">\n\t\t\t\t<div class=\"elementor-widget-container\">\n\t\t\t\t\t<h2 class=\"elementor-heading-title elementor-size-default\">R\u00e9pondre \u00e0 un appel d\u2019offres<\/h2>\t\t\t\t<\/div>\n\t\t\t\t<\/div>\n\t\t\t\t<div class=\"elementor-element elementor-element-cd3656e elementor-widget elementor-widget-heading\" data-id=\"cd3656e\" data-element_type=\"widget\" data-widget_type=\"heading.default\">\n\t\t\t\t<div class=\"elementor-widget-container\">\n\t\t\t\t\t<h2 class=\"elementor-heading-title elementor-size-default\">Un service destin\u00e9 aux soci\u00e9t\u00e9s priv\u00e9es, aux travailleurs ind\u00e9pendants et aux associations<\/h2>\t\t\t\t<\/div>\n\t\t\t\t<\/div>\n\t\t\t\t<div class=\"elementor-element elementor-element-ce5bfc6 elementor-widget elementor-widget-text-editor\" data-id=\"ce5bfc6\" data-element_type=\"widget\" data-widget_type=\"text-editor.default\">\n\t\t\t\t<div class=\"elementor-widget-container\">\n\t\t\t\t\t\t\t\t\t<p>Le manque de temps ou d\u2019exp\u00e9rience, l\u2019absence de ressources internes sont les principales raisons pour lesquelles vous pr\u00e9f\u00e9rez ne pas <strong>r\u00e9pondre \u00e0 des appels d\u2019<\/strong><strong>offres<\/strong>. Pourtant, la commande publique concernant les contrats de plus de 90 000 \u20ac HT repr\u00e9sente plus de 100 Md\u20ac (source OECP) par an en moyenne en France. N\u2019est-ce pas l\u00e0 une occasion pour votre entreprise de d\u00e9velopper son chiffre d\u2019affaires ?<\/p><p>La <strong>bonne nouvelle <\/strong>est qu\u2019il est simple de<strong> r\u00e9pondre \u00e0 la commande publique<\/strong> si vous d\u00e9cidez de vous <strong>faire assister en droit public. <\/strong>Ensemble, nous optimisons les probabilit\u00e9s de <strong>remporter l\u2019appel d\u2019<\/strong><strong>offre<\/strong><strong>s <\/strong>que vous convoitez<strong>. <\/strong>Vous restez concentr\u00e9 sur votre c\u0153ur de m\u00e9tier pendant que je me consacre \u00e0 la mission que vous m\u2019aurez confi\u00e9e.<\/p>\t\t\t\t\t\t\t\t<\/div>\n\t\t\t\t<\/div>\n\t\t\t\t\t<\/div>\n\t\t<\/div>\n\t\t\t\t\t<\/div>\n\t\t<\/section>\n\t\t\t\t<section class=\"elementor-section elementor-top-section elementor-element elementor-element-1f534a9 elementor-section-boxed elementor-section-height-default elementor-section-height-default\" data-id=\"1f534a9\" data-element_type=\"section\">\n\t\t\t\t\t\t<div class=\"elementor-container elementor-column-gap-default\">\n\t\t\t\t\t<div class=\"elementor-column elementor-col-50 elementor-top-column elementor-element elementor-element-3229fb0\" data-id=\"3229fb0\" data-element_type=\"column\">\n\t\t\t<div class=\"elementor-widget-wrap elementor-element-populated\">\n\t\t\t\t\t\t<div class=\"elementor-element elementor-element-af1d9e9 elementor-widget elementor-widget-heading\" data-id=\"af1d9e9\" data-element_type=\"widget\" data-widget_type=\"heading.default\">\n\t\t\t\t<div class=\"elementor-widget-container\">\n\t\t\t\t\t<h3 class=\"elementor-heading-title elementor-size-default\">Vous assister ponctuellement pour r\u00e9pondre \u00e0 un appel d\u2019offres <\/h3>\t\t\t\t<\/div>\n\t\t\t\t<\/div>\n\t\t\t\t<div class=\"elementor-element elementor-element-9b8c034 elementor-widget elementor-widget-text-editor\" data-id=\"9b8c034\" data-element_type=\"widget\" data-widget_type=\"text-editor.default\">\n\t\t\t\t<div class=\"elementor-widget-container\">\n\t\t\t\t\t\t\t\t\t<p>Vous avez d\u00e9j\u00e0 identifi\u00e9 votre march\u00e9. Pour cet accompagnement, je m\u2019occupe de tout \u00e0 votre place, du <strong>t\u00e9l\u00e9chargement du dossier <\/strong>jusqu\u2019\u00e0 l\u2019<strong>envoi de votre candidature sur la plateforme d\u00e9<\/strong><strong>mat<\/strong><strong>\u00e9rialis\u00e9e ainsi que l&rsquo;assistance jusqu&rsquo;\u00e0 la cl\u00f4ture de la consultation. <\/strong>Vous, vous restez concentr\u00e9 sur votre activit\u00e9.<\/p><p>Je prends d\u2019abord un <strong>temps pour analyser le besoin<\/strong><strong>.<\/strong> Quels sont les avantages pour votre entreprise d\u2019y r\u00e9pondre\u00a0? Ce march\u00e9 public est-il adapt\u00e9 \u00e0 votre mod\u00e8le \u00e9conomique\u00a0? Est-il rentable pour votre entreprise\u00a0? Quels sont les points sur lesquels il faudra \u00eatre vigilant\u00a0? Quels sont les crit\u00e8res prioritaires qu\u2019il faut travailler et mettre en valeur pour l\u2019acheteur public\u00a0?\u00a0<\/p><p>Pour la <strong>constitution de votre dossier de candidature<\/strong>, Juri Plus entre en <strong>immersion de terrain<\/strong> au sein de votre entreprise pour\u00a0:<\/p><ul><li>Analyser la concurrence<\/li><li>Identifier les \u00e9l\u00e9ments diff\u00e9renciants pour r\u00e9diger un argumentaire percutant<\/li><li>Cr\u00e9er ou adapter le m\u00e9moire technique<\/li><li>Pr\u00e9parer les pi\u00e8ces administratives annexes (DC1, DC2\u2026)<\/li><li>\u00c9changer avec l&rsquo;Acheteur en cas de n\u00e9cessit\u00e9<\/li><li>D\u00e9poser votre candidature sur la plateforme d\u00e9mat\u00e9rialis\u00e9e dans les d\u00e9lais impartis<\/li><\/ul>\t\t\t\t\t\t\t\t<\/div>\n\t\t\t\t<\/div>\n\t\t\t\t\t<\/div>\n\t\t<\/div>\n\t\t\t\t<div class=\"elementor-column elementor-col-50 elementor-top-column elementor-element elementor-element-d1e617f\" data-id=\"d1e617f\" data-element_type=\"column\">\n\t\t\t<div class=\"elementor-widget-wrap elementor-element-populated\">\n\t\t\t\t\t\t<div class=\"elementor-element elementor-element-b353dee elementor-widget elementor-widget-heading\" data-id=\"b353dee\" data-element_type=\"widget\" data-widget_type=\"heading.default\">\n\t\t\t\t<div class=\"elementor-widget-container\">\n\t\t\t\t\t<h3 class=\"elementor-heading-title elementor-size-default\">G\u00e9rer vos march\u00e9s publics \u00e0 votre place <\/h3>\t\t\t\t<\/div>\n\t\t\t\t<\/div>\n\t\t\t\t<div class=\"elementor-element elementor-element-62627b2 elementor-widget elementor-widget-text-editor\" data-id=\"62627b2\" data-element_type=\"widget\" data-widget_type=\"text-editor.default\">\n\t\t\t\t<div class=\"elementor-widget-container\">\n\t\t\t\t\t\t\t\t\t<p>Les march\u00e9s publics vous prennent beaucoup de temps. Pour leur gestion r\u00e9guli\u00e8re, nous pouvons passer un <strong>contrat d\u2019externalisation sur toute l\u2019ann\u00e9<\/strong><strong>e.<\/strong> Le forfait externalisation peut aussi s\u2019appliquer <strong>sur quelques mois de l\u2019ann\u00e9e. <\/strong>Cela permet de se concentrer sur les p\u00e9riodes o\u00f9 vous avez le plus besoin de mon accompagnement.<\/p><p>Comme pour un accompagnement ponctuel, j\u2019entre en immersion dans votre entreprise pour analyser votre secteur d\u2019activit\u00e9, valoriser vos atouts et vos points cl\u00e9s et maximiser l\u2019int\u00e9r\u00eat de votre acheteur public. Dans ce cadre, les missions que je vous propose sont nombreuses et peuvent \u00e9voluer en fonction de vos besoins r\u00e9els.<\/p><ul><li>R\u00e9alisation d\u2019une veille cibl\u00e9e quotidienne sur les appels d\u2019offres publics<\/li><li>D\u00e9cryptage des appels d\u2019offres qui vous correspondent<\/li><li>Constitution des dossiers de candidature<\/li><li>Adaptation du m\u00e9moire technique\u00a0: argumentaire de mise en avant du savoir-faire de votre entreprise, identification des \u00e9l\u00e9ments diff\u00e9renciants par rapport \u00e0 la concurrence, etc.<\/li><li>Pr\u00e9paration des pi\u00e8ces administratives annexes (DC1, DC2\u2026)<\/li><li>\u00c9changes avec l&rsquo;Acheteur<\/li><li>Pr\u00e9paration \u00e0 l\u2019entretien oral avec l\u2019Acheteur s\u2019il est demand\u00e9<\/li><li>Envoi de l\u2019offre sur la plateforme de d\u00e9mat\u00e9rialisation dans les d\u00e9lais impartis<\/li><li>R\u00e9daction de la lettre post-refus en fonction du seuil du march\u00e9<\/li><li>Analyse des dossiers de candidature refus\u00e9s en vue de s\u2019am\u00e9liorer<\/li><\/ul>\t\t\t\t\t\t\t\t<\/div>\n\t\t\t\t<\/div>\n\t\t\t\t<section class=\"elementor-section elementor-inner-section elementor-element elementor-element-f0a26e3 elementor-section-boxed elementor-section-height-default elementor-section-height-default\" data-id=\"f0a26e3\" data-element_type=\"section\">\n\t\t\t\t\t\t<div class=\"elementor-container elementor-column-gap-default\">\n\t\t\t\t\t<div class=\"elementor-column elementor-col-50 elementor-inner-column elementor-element elementor-element-2904ea3\" data-id=\"2904ea3\" data-element_type=\"column\" data-settings=\"{&quot;background_background&quot;:&quot;classic&quot;}\">\n\t\t\t<div class=\"elementor-widget-wrap elementor-element-populated\">\n\t\t\t\t\t\t<div class=\"elementor-element elementor-element-ef74d04 elementor-widget elementor-widget-image\" data-id=\"ef74d04\" data-element_type=\"widget\" data-widget_type=\"image.default\">\n\t\t\t\t<div class=\"elementor-widget-container\">\n\t\t\t\t\t\t\t\t\t\t\t\t\t\t\t<img decoding=\"async\" width=\"295\" height=\"300\" src=\"https:\/\/www.juriplus.pro\/wp-content\/uploads\/2022\/01\/plusOr-03-295x300.png\" class=\"attachment-medium size-medium wp-image-129\" alt=\"plus or\" srcset=\"https:\/\/www.juriplus.pro\/wp-content\/uploads\/2022\/01\/plusOr-03-295x300.png 295w, https:\/\/www.juriplus.pro\/wp-content\/uploads\/2022\/01\/plusOr-03.png 429w\" sizes=\"(max-width: 295px) 100vw, 295px\" \/>\t\t\t\t\t\t\t\t\t\t\t\t\t\t\t<\/div>\n\t\t\t\t<\/div>\n\t\t\t\t\t<\/div>\n\t\t<\/div>\n\t\t\t\t<div class=\"elementor-column elementor-col-50 elementor-inner-column elementor-element elementor-element-a0976cf\" data-id=\"a0976cf\" data-element_type=\"column\" data-settings=\"{&quot;background_background&quot;:&quot;classic&quot;}\">\n\t\t\t<div class=\"elementor-widget-wrap elementor-element-populated\">\n\t\t\t\t\t\t<div class=\"elementor-element elementor-element-80f3a34 elementor-widget elementor-widget-heading\" data-id=\"80f3a34\" data-element_type=\"widget\" data-widget_type=\"heading.default\">\n\t\t\t\t<div class=\"elementor-widget-container\">\n\t\t\t\t\t<h2 class=\"elementor-heading-title elementor-size-default\">En savoir plus sur le forfait\nexternalisation des march\u00e9s publics<\/h2>\t\t\t\t<\/div>\n\t\t\t\t<\/div>\n\t\t\t\t\t<\/div>\n\t\t<\/div>\n\t\t\t\t\t<\/div>\n\t\t<\/section>\n\t\t\t\t\t<\/div>\n\t\t<\/div>\n\t\t\t\t\t<\/div>\n\t\t<\/section>\n\t\t\t\t<section class=\"elementor-section elementor-top-section elementor-element elementor-element-b0943d9 elementor-section-boxed elementor-section-height-default elementor-section-height-default\" data-id=\"b0943d9\" data-element_type=\"section\">\n\t\t\t\t\t\t<div class=\"elementor-container elementor-column-gap-default\">\n\t\t\t\t\t<div class=\"elementor-column elementor-col-100 elementor-top-column elementor-element elementor-element-50750df\" data-id=\"50750df\" data-element_type=\"column\">\n\t\t\t<div class=\"elementor-widget-wrap elementor-element-populated\">\n\t\t\t\t\t\t<div class=\"elementor-element elementor-element-c58e468 elementor-widget elementor-widget-heading\" data-id=\"c58e468\" data-element_type=\"widget\" data-widget_type=\"heading.default\">\n\t\t\t\t<div class=\"elementor-widget-container\">\n\t\t\t\t\t<h2 class=\"elementor-heading-title elementor-size-default\">Construire et lancer vos march\u00e9s publics <\/h2>\t\t\t\t<\/div>\n\t\t\t\t<\/div>\n\t\t\t\t<div class=\"elementor-element elementor-element-701c6fb elementor-widget elementor-widget-heading\" data-id=\"701c6fb\" data-element_type=\"widget\" data-widget_type=\"heading.default\">\n\t\t\t\t<div class=\"elementor-widget-container\">\n\t\t\t\t\t<h2 class=\"elementor-heading-title elementor-size-default\">Un service destin\u00e9 aux collectivit\u00e9s et \u00e0 tous les acteurs publics <\/h2>\t\t\t\t<\/div>\n\t\t\t\t<\/div>\n\t\t\t\t<div class=\"elementor-element elementor-element-75f4048 elementor-widget elementor-widget-text-editor\" data-id=\"75f4048\" data-element_type=\"widget\" data-widget_type=\"text-editor.default\">\n\t\t\t\t<div class=\"elementor-widget-container\">\n\t\t\t\t\t\t\t\t\t<p>Il vous manque des ressources pour structurer et s\u00e9curiser les march\u00e9s publics dans votre fonctionnement. Les profils ad\u00e9quats pour construire un appel d\u2019offres manquent provisoirement au sein de votre \u00e9quipe. Juri Plus peut compenser ce manque par un accompagnement ponctuel ou r\u00e9gulier.<\/p><p>Je me rends au service de votre structure pour vous aider \u00e0 <strong>construire <\/strong>et \u00e0 <strong>lancer vos march\u00e9s publics.<\/strong> Et si vous en \u00e9prouvez le besoin, nous pourrons aller plus loin avec un <strong>audit de vos capacit\u00e9s <\/strong>internes. Pour vos march\u00e9s publics, Juri Plus peut intervenir pour\u00a0:<\/p><ul><li>l\u2019\u00e9laboration du r\u00e8glement de la consultation et des pi\u00e8ces r\u00e9glementaires du Dossier de Consultation des Entreprises (DCE)<\/li><li>le lancement de votre appel d&rsquo;offres sur votre profil acheteur ainsi qu&rsquo;au BOAMP &#8211; JOUE<\/li><li>la r\u00e9ception des plis, l\u2019analyse des offres et l\u2019\u00e9tablissement du RAO<\/li><li>la pr\u00e9sentation des candidatures en commission d\u2019appel d\u2019offres<\/li><li>la r\u00e9daction des courriers de r\u00e9ponses<\/li><li>l\u2019audit de vos capacit\u00e9s internes pour optimiser vos m\u00e9thodes de construction des march\u00e9s publics<\/li><li>la <span style=\"text-decoration: underline; color: #000000;\"><strong><a style=\"color: #000000; text-decoration: underline;\" href=\"https:\/\/www.juriplus.pro\/formation-en-droit-public-et-marches-publics\/\"><em>formation de vos collaborateurs<\/em><\/a><\/strong><\/span><\/li><\/ul>\t\t\t\t\t\t\t\t<\/div>\n\t\t\t\t<\/div>\n\t\t\t\t<div class=\"elementor-element elementor-element-b5b2abb elementor-widget elementor-widget-button\" data-id=\"b5b2abb\" data-element_type=\"widget\" data-widget_type=\"button.default\">\n\t\t\t\t<div class=\"elementor-widget-container\">\n\t\t\t\t\t\t\t\t\t<div class=\"elementor-button-wrapper\">\n\t\t\t\t\t<a class=\"elementor-button elementor-button-link elementor-size-sm\" href=\"https:\/\/www.juriplus.pro\/index.php\/contact\/\">\n\t\t\t\t\t\t<span class=\"elementor-button-content-wrapper\">\n\t\t\t\t\t\t\t\t\t<span class=\"elementor-button-text\">En savoir plus sur mon accompagnement acteur public<\/span>\n\t\t\t\t\t<\/span>\n\t\t\t\t\t<\/a>\n\t\t\t\t<\/div>\n\t\t\t\t\t\t\t\t<\/div>\n\t\t\t\t<\/div>\n\t\t\t\t\t<\/div>\n\t\t<\/div>\n\t\t\t\t\t<\/div>\n\t\t<\/section>\n\t\t\t\t<\/div>\n\t\t","protected":false},"excerpt":{"rendered":"<p>Aide et assistance \u00e0 la passation de vos march\u00e9s publics R\u00e9pondre \u00e0 un appel d\u2019offres Un service destin\u00e9 aux soci\u00e9t\u00e9s priv\u00e9es, aux travailleurs ind\u00e9pendants et aux associations Le manque de temps ou d\u2019exp\u00e9rience, l\u2019absence de ressources internes sont les principales raisons pour lesquelles vous pr\u00e9f\u00e9rez ne pas r\u00e9pondre \u00e0 des appels d\u2019offres. Pourtant, la commande [&hellip;]<\/p>\n","protected":false},"author":1,"featured_media":0,"parent":0,"menu_order":0,"comment_status":"closed","ping_status":"closed","template":"","meta":{"footnotes":""},"class_list":["post-17","page","type-page","status-publish","hentry"],"_links":{"self":[{"href":"https:\/\/www.juriplus.pro\/index.php\/wp-json\/wp\/v2\/pages\/17","targetHints":{"allow":["GET"]}}],"collection":[{"href":"https:\/\/www.juriplus.pro\/index.php\/wp-json\/wp\/v2\/pages"}],"about":[{"href":"https:\/\/www.juriplus.pro\/index.php\/wp-json\/wp\/v2\/types\/page"}],"author":[{"embeddable":true,"href":"https:\/\/www.juriplus.pro\/index.php\/wp-json\/wp\/v2\/users\/1"}],"replies":[{"embeddable":true,"href":"https:\/\/www.juriplus.pro\/index.php\/wp-json\/wp\/v2\/comments?post=17"}],"version-history":[{"count":76,"href":"https:\/\/www.juriplus.pro\/index.php\/wp-json\/wp\/v2\/pages\/17\/revisions"}],"predecessor-version":[{"id":640,"href":"https:\/\/www.juriplus.pro\/index.php\/wp-json\/wp\/v2\/pages\/17\/revisions\/640"}],"wp:attachment":[{"href":"https:\/\/www.juriplus.pro\/index.php\/wp-json\/wp\/v2\/media?parent=17"}],"curies":[{"name":"wp","href":"https:\/\/api.w.org\/{rel}","templated":true}]}}