{"id":21,"date":"2022-01-17T12:14:15","date_gmt":"2022-01-17T11:14:15","guid":{"rendered":"https:\/\/www.juriplus.pro\/?page_id=21"},"modified":"2024-12-10T09:54:31","modified_gmt":"2024-12-10T08:54:31","slug":"formation-en-droit-public-et-marches-publics","status":"publish","type":"page","link":"https:\/\/www.juriplus.pro\/index.php\/formation-en-droit-public-et-marches-publics\/","title":{"rendered":"Formation en droit public et march\u00e9s publics"},"content":{"rendered":"\t\t<div data-elementor-type=\"wp-page\" data-elementor-id=\"21\" class=\"elementor elementor-21\" data-elementor-post-type=\"page\">\n\t\t\t\t\t\t<section class=\"elementor-section elementor-top-section elementor-element elementor-element-0d91e8c elementor-section-boxed elementor-section-height-default elementor-section-height-default\" data-id=\"0d91e8c\" data-element_type=\"section\">\n\t\t\t\t\t\t<div class=\"elementor-container elementor-column-gap-default\">\n\t\t\t\t\t<div class=\"elementor-column elementor-col-50 elementor-top-column elementor-element elementor-element-7126dee\" data-id=\"7126dee\" data-element_type=\"column\">\n\t\t\t<div class=\"elementor-widget-wrap elementor-element-populated\">\n\t\t\t\t\t\t<div class=\"elementor-element elementor-element-e68920f elementor-widget elementor-widget-heading\" data-id=\"e68920f\" data-element_type=\"widget\" data-widget_type=\"heading.default\">\n\t\t\t\t<div class=\"elementor-widget-container\">\n\t\t\t\t\t<h1 class=\"elementor-heading-title elementor-size-default\">Formations en droit public et march\u00e9s publics<\/h1>\t\t\t\t<\/div>\n\t\t\t\t<\/div>\n\t\t\t\t<div class=\"elementor-element elementor-element-72a34b5 elementor-widget elementor-widget-heading\" data-id=\"72a34b5\" data-element_type=\"widget\" data-widget_type=\"heading.default\">\n\t\t\t\t<div class=\"elementor-widget-container\">\n\t\t\t\t\t<h2 class=\"elementor-heading-title elementor-size-default\">Des formations pour chaque structure : les collectivit\u00e9s et les entreprises TPE \/ PME<\/h2>\t\t\t\t<\/div>\n\t\t\t\t<\/div>\n\t\t\t\t<div class=\"elementor-element elementor-element-c9d5b02 elementor-widget elementor-widget-text-editor\" data-id=\"c9d5b02\" data-element_type=\"widget\" data-widget_type=\"text-editor.default\">\n\t\t\t\t<div class=\"elementor-widget-container\">\n\t\t\t\t\t\t\t\t\t<p>Vous cherchez une <strong>formation sur mesure et op\u00e9rationnelle<\/strong> en droit de la commande publique\u00a0? Les formations propos\u00e9es par Juri Plus s\u2019adaptent \u00e0 vos besoins les plus concrets. Elles s\u2019adressent aussi bien aux <strong>collaborateurs des entreprises priv\u00e9es<\/strong> qu\u2019\u00e0 ceux des <b>acheteurs publics.<\/b><\/p><ul><li>Vous d\u00e9butez dans les march\u00e9s publics<\/li><li>Vous souhaitez acqu\u00e9rir un niveau suffisant pour lancer un appel d\u2019offres<\/li><li>Vous voulez rester en phase avec l\u2019\u00e9volution r\u00e9glementaire<\/li><li>Vous cherchez \u00e0 am\u00e9liorer votre m\u00e9thode pour viser l\u2019excellence<\/li><\/ul><p>\u00a0<\/p><p>Je m\u2019engage pleinement \u00e0 faire de votre formation un<strong> investissement strat\u00e9gique rentable<\/strong>\u00a0!<\/p>\t\t\t\t\t\t\t\t<\/div>\n\t\t\t\t<\/div>\n\t\t\t\t\t<\/div>\n\t\t<\/div>\n\t\t\t\t<div class=\"elementor-column elementor-col-50 elementor-top-column elementor-element elementor-element-be69b18\" data-id=\"be69b18\" data-element_type=\"column\" data-settings=\"{&quot;background_background&quot;:&quot;classic&quot;}\">\n\t\t\t<div class=\"elementor-widget-wrap elementor-element-populated\">\n\t\t\t\t\t\t<div class=\"elementor-element elementor-element-44c63b6 elementor-widget elementor-widget-spacer\" data-id=\"44c63b6\" data-element_type=\"widget\" data-widget_type=\"spacer.default\">\n\t\t\t\t<div class=\"elementor-widget-container\">\n\t\t\t\t\t\t\t<div class=\"elementor-spacer\">\n\t\t\t<div class=\"elementor-spacer-inner\"><\/div>\n\t\t<\/div>\n\t\t\t\t\t\t<\/div>\n\t\t\t\t<\/div>\n\t\t\t\t\t<\/div>\n\t\t<\/div>\n\t\t\t\t\t<\/div>\n\t\t<\/section>\n\t\t\t\t<section class=\"elementor-section elementor-top-section elementor-element elementor-element-dde0886 elementor-section-boxed elementor-section-height-default elementor-section-height-default\" data-id=\"dde0886\" data-element_type=\"section\">\n\t\t\t\t\t\t<div class=\"elementor-container elementor-column-gap-default\">\n\t\t\t\t\t<div class=\"elementor-column elementor-col-50 elementor-top-column elementor-element elementor-element-8c1733e\" data-id=\"8c1733e\" data-element_type=\"column\">\n\t\t\t<div class=\"elementor-widget-wrap elementor-element-populated\">\n\t\t\t\t\t\t<div class=\"elementor-element elementor-element-f9d0176 elementor-widget elementor-widget-heading\" data-id=\"f9d0176\" data-element_type=\"widget\" data-widget_type=\"heading.default\">\n\t\t\t\t<div class=\"elementor-widget-container\">\n\t\t\t\t\t<h2 class=\"elementor-heading-title elementor-size-default\">Votre formation sur mesure avec Juri Plus<\/h2>\t\t\t\t<\/div>\n\t\t\t\t<\/div>\n\t\t\t\t<div class=\"elementor-element elementor-element-cdbf17d elementor-widget elementor-widget-text-editor\" data-id=\"cdbf17d\" data-element_type=\"widget\" data-widget_type=\"text-editor.default\">\n\t\t\t\t<div class=\"elementor-widget-container\">\n\t\t\t\t\t\t\t\t\t<p>Pour construire votre formation sur mesure, nous d\u00e9finissons <strong>au pr\u00e9alable la th\u00e9matique, le cadre et les objectifs<\/strong> selon votre niveau d\u2019exp\u00e9rience et de vos attentes. Chaque formation Juri Plus est <strong>adapt<\/strong><strong>\u00e9e<\/strong> et <strong>personnalis\u00e9e<\/strong> en fonction de vos probl\u00e9matiques. En individuel ou en groupe d\u2019une m\u00eame structure, la formation a lieu dans vos bureaux, vous n\u2019aurez pas \u00e0 vous d\u00e9placer.<\/p><p>Quelques exemples de th\u00e8mes de formation abord\u00e9s\u00a0:<\/p><ul><li>Les fondamentaux des march\u00e9s publics et financiers<\/li><li>Comment faire \u00e9merger les march\u00e9s publics dans une structure publique ?<\/li><li>D\u00e9cryptage des clauses sociales et environnementales des march\u00e9s publics<\/li><li>R\u00e9diger un m\u00e9moire technique diff\u00e9renciant<\/li><li>Ma\u00eetriser les plateformes num\u00e9riques de d\u00e9mat\u00e9rialisation<\/li><li>Tout comprendre sur la r\u00e9forme des CCAG<\/li><\/ul>\t\t\t\t\t\t\t\t<\/div>\n\t\t\t\t<\/div>\n\t\t\t\t\t<\/div>\n\t\t<\/div>\n\t\t\t\t<div class=\"elementor-column elementor-col-50 elementor-top-column elementor-element elementor-element-06a727f\" data-id=\"06a727f\" data-element_type=\"column\">\n\t\t\t<div class=\"elementor-widget-wrap elementor-element-populated\">\n\t\t\t\t\t\t<div class=\"elementor-element elementor-element-a6f989d elementor-widget elementor-widget-heading\" data-id=\"a6f989d\" data-element_type=\"widget\" data-widget_type=\"heading.default\">\n\t\t\t\t<div class=\"elementor-widget-container\">\n\t\t\t\t\t<h2 class=\"elementor-heading-title elementor-size-default\">\u00catre form\u00e9 par Juri Plus, c'est recevoir :<\/h2>\t\t\t\t<\/div>\n\t\t\t\t<\/div>\n\t\t\t\t<div class=\"elementor-element elementor-element-af36de0 elementor-widget elementor-widget-heading\" data-id=\"af36de0\" data-element_type=\"widget\" data-widget_type=\"heading.default\">\n\t\t\t\t<div class=\"elementor-widget-container\">\n\t\t\t\t\t<h3 class=\"elementor-heading-title elementor-size-default\">Une p\u00e9dagogie individualis\u00e9e<\/h3>\t\t\t\t<\/div>\n\t\t\t\t<\/div>\n\t\t\t\t<div class=\"elementor-element elementor-element-75f0f74 elementor-widget elementor-widget-text-editor\" data-id=\"75f0f74\" data-element_type=\"widget\" data-widget_type=\"text-editor.default\">\n\t\t\t\t<div class=\"elementor-widget-container\">\n\t\t\t\t\t\t\t\t\t<p>Je propose des formations individuelles ou en groupe de 8 personnes maximum. Cela permet \u00e0 chacun de s&rsquo;exprimer sur son cas particulier et de repartir avec des r\u00e9ponses personnalis\u00e9es pour pr\u00e9parer son appel d&rsquo;offres.<\/p>\t\t\t\t\t\t\t\t<\/div>\n\t\t\t\t<\/div>\n\t\t\t\t<div class=\"elementor-element elementor-element-f9c4040 elementor-widget elementor-widget-heading\" data-id=\"f9c4040\" data-element_type=\"widget\" data-widget_type=\"heading.default\">\n\t\t\t\t<div class=\"elementor-widget-container\">\n\t\t\t\t\t<h3 class=\"elementor-heading-title elementor-size-default\">Un accompagnement post-formation<\/h3>\t\t\t\t<\/div>\n\t\t\t\t<\/div>\n\t\t\t\t<div class=\"elementor-element elementor-element-c63c540 elementor-widget elementor-widget-text-editor\" data-id=\"c63c540\" data-element_type=\"widget\" data-widget_type=\"text-editor.default\">\n\t\t\t\t<div class=\"elementor-widget-container\">\n\t\t\t\t\t\t\t\t\t<p>A l&rsquo;issue de la formation, vous disposerez d&rsquo;un support clair. Je reste joignable pour r\u00e9pondre \u00e0 vos questions compl\u00e9mentaires.<\/p>\t\t\t\t\t\t\t\t<\/div>\n\t\t\t\t<\/div>\n\t\t\t\t<div class=\"elementor-element elementor-element-a4473a7 elementor-widget elementor-widget-heading\" data-id=\"a4473a7\" data-element_type=\"widget\" data-widget_type=\"heading.default\">\n\t\t\t\t<div class=\"elementor-widget-container\">\n\t\t\t\t\t<h3 class=\"elementor-heading-title elementor-size-default\">Une approche compl\u00e8te<\/h3>\t\t\t\t<\/div>\n\t\t\t\t<\/div>\n\t\t\t\t<div class=\"elementor-element elementor-element-fae80fa elementor-widget elementor-widget-text-editor\" data-id=\"fae80fa\" data-element_type=\"widget\" data-widget_type=\"text-editor.default\">\n\t\t\t\t<div class=\"elementor-widget-container\">\n\t\t\t\t\t\t\t\t\t<p>Mon double regard d&rsquo;acheteur public et de juriste en droit public me permet de vous concocter des formations exclusives sur les subtilit\u00e9s juridiques et administratives de tous les types de march\u00e9s publics.<\/p>\t\t\t\t\t\t\t\t<\/div>\n\t\t\t\t<\/div>\n\t\t\t\t\t<\/div>\n\t\t<\/div>\n\t\t\t\t\t<\/div>\n\t\t<\/section>\n\t\t\t\t<section class=\"elementor-section elementor-top-section elementor-element elementor-element-c03a251 elementor-section-boxed elementor-section-height-default elementor-section-height-default\" data-id=\"c03a251\" data-element_type=\"section\">\n\t\t\t\t\t\t<div class=\"elementor-container elementor-column-gap-default\">\n\t\t\t\t\t<div class=\"elementor-column elementor-col-100 elementor-top-column elementor-element elementor-element-c7c85dc\" data-id=\"c7c85dc\" data-element_type=\"column\">\n\t\t\t<div class=\"elementor-widget-wrap elementor-element-populated\">\n\t\t\t\t\t\t<div class=\"elementor-element elementor-element-578310a elementor-align-center elementor-widget elementor-widget-button\" data-id=\"578310a\" data-element_type=\"widget\" data-widget_type=\"button.default\">\n\t\t\t\t<div class=\"elementor-widget-container\">\n\t\t\t\t\t\t\t\t\t<div class=\"elementor-button-wrapper\">\n\t\t\t\t\t<a class=\"elementor-button elementor-button-link elementor-size-sm\" href=\"https:\/\/www.juriplus.pro\/index.php\/contact\/\">\n\t\t\t\t\t\t<span class=\"elementor-button-content-wrapper\">\n\t\t\t\t\t\t\t\t\t<span class=\"elementor-button-text\">Vous avez besoin d\u2019une formation sur mesure<\/span>\n\t\t\t\t\t<\/span>\n\t\t\t\t\t<\/a>\n\t\t\t\t<\/div>\n\t\t\t\t\t\t\t\t<\/div>\n\t\t\t\t<\/div>\n\t\t\t\t\t<\/div>\n\t\t<\/div>\n\t\t\t\t\t<\/div>\n\t\t<\/section>\n\t\t\t\t<\/div>\n\t\t","protected":false},"excerpt":{"rendered":"<p>Formations en droit public et march\u00e9s publics Des formations pour chaque structure : les collectivit\u00e9s et les entreprises TPE \/ PME Vous cherchez une formation sur mesure et op\u00e9rationnelle en droit de la commande publique\u00a0? Les formations propos\u00e9es par Juri Plus s\u2019adaptent \u00e0 vos besoins les plus concrets. Elles s\u2019adressent aussi bien aux collaborateurs des [&hellip;]<\/p>\n","protected":false},"author":1,"featured_media":0,"parent":0,"menu_order":0,"comment_status":"closed","ping_status":"closed","template":"","meta":{"footnotes":""},"class_list":["post-21","page","type-page","status-publish","hentry"],"_links":{"self":[{"href":"https:\/\/www.juriplus.pro\/index.php\/wp-json\/wp\/v2\/pages\/21","targetHints":{"allow":["GET"]}}],"collection":[{"href":"https:\/\/www.juriplus.pro\/index.php\/wp-json\/wp\/v2\/pages"}],"about":[{"href":"https:\/\/www.juriplus.pro\/index.php\/wp-json\/wp\/v2\/types\/page"}],"author":[{"embeddable":true,"href":"https:\/\/www.juriplus.pro\/index.php\/wp-json\/wp\/v2\/users\/1"}],"replies":[{"embeddable":true,"href":"https:\/\/www.juriplus.pro\/index.php\/wp-json\/wp\/v2\/comments?post=21"}],"version-history":[{"count":52,"href":"https:\/\/www.juriplus.pro\/index.php\/wp-json\/wp\/v2\/pages\/21\/revisions"}],"predecessor-version":[{"id":658,"href":"https:\/\/www.juriplus.pro\/index.php\/wp-json\/wp\/v2\/pages\/21\/revisions\/658"}],"wp:attachment":[{"href":"https:\/\/www.juriplus.pro\/index.php\/wp-json\/wp\/v2\/media?parent=21"}],"curies":[{"name":"wp","href":"https:\/\/api.w.org\/{rel}","templated":true}]}}

Formation en droit public et marchés publics

<div data-elementor-type="wp-page" data-elementor-id="21" class="elementor elementor-21" data-elementor-post-type="page">
						<section class="elementor-section elementor-top-section elementor-element elementor-element-0d91e8c elementor-section-boxed elementor-section-height-default elementor-section-height-default" data-id="0d91e8c" data-element_type="section">
						<div class="elementor-container elementor-column-gap-default">
					<div class="elementor-column elementor-col-50 elementor-top-column elementor-element elementor-element-7126dee" data-id="7126dee" data-element_type="column">
			<div class="elementor-widget-wrap elementor-element-populated">
						<div class="elementor-element elementor-element-e68920f elementor-widget elementor-widget-heading" data-id="e68920f" data-element_type="widget" data-widget_type="heading.default">
				<div class="elementor-widget-container">
					<h1 class="elementor-heading-title elementor-size-default">Formations en droit public et marchés publics</h1>				</div>
				</div>
				<div class="elementor-element elementor-element-72a34b5 elementor-widget elementor-widget-heading" data-id="72a34b5" data-element_type="widget" data-widget_type="heading.default">
				<div class="elementor-widget-container">
					<h2 class="elementor-heading-title elementor-size-default">Des formations pour chaque structure : les collectivités et les entreprises TPE / PME</h2>				</div>
				</div>
				<div class="elementor-element elementor-element-c9d5b02 elementor-widget elementor-widget-text-editor" data-id="c9d5b02" data-element_type="widget" data-widget_type="text-editor.default">
				<div class="elementor-widget-container">
									<p>Vous cherchez une <strong>formation sur mesure et opérationnelle</strong> en droit de la commande publique ? Les formations proposées par Juri Plus s’adaptent à vos besoins les plus concrets. Elles s’adressent aussi bien aux <strong>collaborateurs des entreprises privées</strong> qu’à ceux des <b>acheteurs publics.</b></p><ul><li>Vous débutez dans les marchés publics</li><li>Vous souhaitez acquérir un niveau suffisant pour lancer un appel d’offres</li><li>Vous voulez rester en phase avec l’évolution réglementaire</li><li>Vous cherchez à améliorer votre méthode pour viser l’excellence</li></ul><p> </p><p>Je m’engage pleinement à faire de votre formation un<strong> investissement stratégique rentable</strong> !</p>								</div>
				</div>
					</div>
		</div>
				<div class="elementor-column elementor-col-50 elementor-top-column elementor-element elementor-element-be69b18" data-id="be69b18" data-element_type="column" data-settings="{&quot;background_background&quot;:&quot;classic&quot;}">
			<div class="elementor-widget-wrap elementor-element-populated">
						<div class="elementor-element elementor-element-44c63b6 elementor-widget elementor-widget-spacer" data-id="44c63b6" data-element_type="widget" data-widget_type="spacer.default">
				<div class="elementor-widget-container">
							<div class="elementor-spacer">
			<div class="elementor-spacer-inner"></div>
		</div>
						</div>
				</div>
					</div>
		</div>
					</div>
		</section>
				<section class="elementor-section elementor-top-section elementor-element elementor-element-dde0886 elementor-section-boxed elementor-section-height-default elementor-section-height-default" data-id="dde0886" data-element_type="section">
						<div class="elementor-container elementor-column-gap-default">
					<div class="elementor-column elementor-col-50 elementor-top-column elementor-element elementor-element-8c1733e" data-id="8c1733e" data-element_type="column">
			<div class="elementor-widget-wrap elementor-element-populated">
						<div class="elementor-element elementor-element-f9d0176 elementor-widget elementor-widget-heading" data-id="f9d0176" data-element_type="widget" data-widget_type="heading.default">
				<div class="elementor-widget-container">
					<h2 class="elementor-heading-title elementor-size-default">Votre formation sur mesure avec Juri Plus</h2>				</div>
				</div>
				<div class="elementor-element elementor-element-cdbf17d elementor-widget elementor-widget-text-editor" data-id="cdbf17d" data-element_type="widget" data-widget_type="text-editor.default">
				<div class="elementor-widget-container">
									<p>Pour construire votre formation sur mesure, nous définissons <strong>au préalable la thématique, le cadre et les objectifs</strong> selon votre niveau d’expérience et de vos attentes. Chaque formation Juri Plus est <strong>adapt</strong><strong>ée</strong> et <strong>personnalisée</strong> en fonction de vos problématiques. En individuel ou en groupe d’une même structure, la formation a lieu dans vos bureaux, vous n’aurez pas à vous déplacer.</p><p>Quelques exemples de thèmes de formation abordés :</p><ul><li>Les fondamentaux des marchés publics et financiers</li><li>Comment faire émerger les marchés publics dans une structure publique ?</li><li>Décryptage des clauses sociales et environnementales des marchés publics</li><li>Rédiger un mémoire technique différenciant</li><li>Maîtriser les plateformes numériques de dématérialisation</li><li>Tout comprendre sur la réforme des CCAG</li></ul>								</div>
				</div>
					</div>
		</div>
				<div class="elementor-column elementor-col-50 elementor-top-column elementor-element elementor-element-06a727f" data-id="06a727f" data-element_type="column">
			<div class="elementor-widget-wrap elementor-element-populated">
						<div class="elementor-element elementor-element-a6f989d elementor-widget elementor-widget-heading" data-id="a6f989d" data-element_type="widget" data-widget_type="heading.default">
				<div class="elementor-widget-container">
					<h2 class="elementor-heading-title elementor-size-default">Être formé par Juri Plus, c'est recevoir :</h2>				</div>
				</div>
				<div class="elementor-element elementor-element-af36de0 elementor-widget elementor-widget-heading" data-id="af36de0" data-element_type="widget" data-widget_type="heading.default">
				<div class="elementor-widget-container">
					<h3 class="elementor-heading-title elementor-size-default">Une pédagogie individualisée</h3>				</div>
				</div>
				<div class="elementor-element elementor-element-75f0f74 elementor-widget elementor-widget-text-editor" data-id="75f0f74" data-element_type="widget" data-widget_type="text-editor.default">
				<div class="elementor-widget-container">
									<p>Je propose des formations individuelles ou en groupe de 8 personnes maximum. Cela permet à chacun de s&rsquo;exprimer sur son cas particulier et de repartir avec des réponses personnalisées pour préparer son appel d&rsquo;offres.</p>								</div>
				</div>
				<div class="elementor-element elementor-element-f9c4040 elementor-widget elementor-widget-heading" data-id="f9c4040" data-element_type="widget" data-widget_type="heading.default">
				<div class="elementor-widget-container">
					<h3 class="elementor-heading-title elementor-size-default">Un accompagnement post-formation</h3>				</div>
				</div>
				<div class="elementor-element elementor-element-c63c540 elementor-widget elementor-widget-text-editor" data-id="c63c540" data-element_type="widget" data-widget_type="text-editor.default">
				<div class="elementor-widget-container">
									<p>A l&rsquo;issue de la formation, vous disposerez d&rsquo;un support clair. Je reste joignable pour répondre à vos questions complémentaires.</p>								</div>
				</div>
				<div class="elementor-element elementor-element-a4473a7 elementor-widget elementor-widget-heading" data-id="a4473a7" data-element_type="widget" data-widget_type="heading.default">
				<div class="elementor-widget-container">
					<h3 class="elementor-heading-title elementor-size-default">Une approche complète</h3>				</div>
				</div>
				<div class="elementor-element elementor-element-fae80fa elementor-widget elementor-widget-text-editor" data-id="fae80fa" data-element_type="widget" data-widget_type="text-editor.default">
				<div class="elementor-widget-container">
									<p>Mon double regard d&rsquo;acheteur public et de juriste en droit public me permet de vous concocter des formations exclusives sur les subtilités juridiques et administratives de tous les types de marchés publics.</p>								</div>
				</div>
					</div>
		</div>
					</div>
		</section>
				<section class="elementor-section elementor-top-section elementor-element elementor-element-c03a251 elementor-section-boxed elementor-section-height-default elementor-section-height-default" data-id="c03a251" data-element_type="section">
						<div class="elementor-container elementor-column-gap-default">
					<div class="elementor-column elementor-col-100 elementor-top-column elementor-element elementor-element-c7c85dc" data-id="c7c85dc" data-element_type="column">
			<div class="elementor-widget-wrap elementor-element-populated">
						<div class="elementor-element elementor-element-578310a elementor-align-center elementor-widget elementor-widget-button" data-id="578310a" data-element_type="widget" data-widget_type="button.default">
				<div class="elementor-widget-container">
									<div class="elementor-button-wrapper">
					<a class="elementor-button elementor-button-link elementor-size-sm" href="https://www.juriplus.pro/index.php/contact/">
						<span class="elementor-button-content-wrapper">
									<span class="elementor-button-text">Vous avez besoin d’une formation sur mesure</span>
					</span>
					</a>
				</div>
								</div>
				</div>
					</div>
		</div>
					</div>
		</section>
				</div>

<p>Formations en droit public et marchés publics Des formations pour chaque structure : les collectivités et les entreprises TPE / PME Vous cherchez une formation sur mesure et opérationnelle en droit de la commande publique ? Les formations proposées par Juri Plus s’adaptent à vos besoins les plus concrets. Elles s’adressent aussi bien aux collaborateurs des [&hellip;]</p>
